, 41
Suppose -15 = -10*m + 5*m. Suppose -m*d = -b + 15, 4*b + 2*d = -2*d - 4. What are the prime factors of b?
3
Let m(q) = -q**3 + 4*q**2 - 3*q - 4. Let o be m(3). What are the prime factors of (-86)/(-7) + o/14?
2, 3
Let n = 167 - 155. What are the prime factors of n?
2, 3
Suppose 83*n + 1617 = 90*n. List the prime factors of n.
3, 7, 11
Suppose -o - 4*o - 455 = 0. What are the prime factors of 26/o + 340/14?
2, 3
Let h = 20 + -8. Let q = h - 8. List the prime factors of q.
2
Suppose 0 = 5*w + 20 - 600. Let f = w + -66. What are the prime factors of f?
2, 5
Let x(n) = 15*n**3 + 2*n + 1. What are the prime factors of x(2)?
5
Let x(u) = -u**3 - 5*u**2 - 4*u + 2. Let q be x(-4). Suppose 0 = q*j - 53 + 5. List the prime factors of j.
2, 3
Let k = 368 - 123. What are the prime factors of k?
5, 7
What are the prime factors of (-1970)/(-30) - (-2)/6?
2, 3, 11
Let p = -30 + 72. List the prime factors of p.
2, 3, 7
Let w = -4 - -8. Suppose w*f = 3*f - 2*g + 9, 4*f - 2*g - 36 = 0. List the prime factors of f.
3
Suppose 2*u - 16 = 4*k, -u - 4*k - k = 6. Suppose 2*h = -4*t - 2 + 28, h + 29 = u*t. What are the prime factors of t?
7
Let n(t) = -t**3 + 10*t**2 - 10*t + 11. Let r be n(9). Let m = 2 + r. Suppose m*d - 24 = -0*d. List the prime factors of d.
2, 3
Let o(g) be the first derivative of -g**2/2 + 21*g - 1. What are the prime factors of o(9)?
2, 3
Let c(j) = -j**2 - 2*j. Let n be c(-3). Let h = n - -12. What are the prime factors of h?
3
Suppose 0 = h + 2*f - 399, 14*h - 2047 = 9*h + 3*f. List the prime factors of h.
11, 37
Suppose -5*r = -562 - 628. List the prime factors of r.
2, 7, 17
Let g(f) = -5*f**3 - 8*f**2 - 8*f + 5. What are the prime factors of g(-4)?
229
List the prime factors of -57*-2*(-3)/(-6).
3, 19
Suppose 0 = -3*z + 30 - 0. Suppose 2 = -h + z. Suppose k = -3*k + h. What are the prime factors of k?
2
Let c(t) = -t**3 - t**2 + 2*t - 4. Let u be c(-3). Let r = -1 + u. List the prime factors of r.
7
Suppose 56 - 17 = 4*z - 3*o, -3*z = 2*o - 8. Suppose q = z*q - 240. List the prime factors of q.
2, 3
Let n be (-4 - 0)*3/(-6). Suppose f - 63 = -n*f. List the prime factors of 6/f - (-290)/14.
3, 7
Let o(r) = 15*r - 15. List the prime factors of o(12).
3, 5, 11
Suppose -o - z - z = -93, 3*o - 269 = -z. What are the prime factors of o?
89
Suppose -3*a + 42 = -2*a. List the prime factors of a.
2, 3, 7
Let t = 46 + -11. List the prime factors of ((-84)/t)/(2/(-5)).
2, 3
Let x(j) = -j**2 + 5*j. Let c be x(3). Let w be (-1)/(2*(-3)/c). What are the prime factors of w/(-1)*(-9 + 0)?
3
Let m = 1 - -3. Suppose 36 = m*f - 20. List the prime factors of f.
2, 7
Let z(q) = -3*q**2 + 6 - q**3 - 7*q**2 + 7 - 8*q. Let y be z(-9). List the prime factors of y/(2 - (2 + -2)).
2
Suppose 21 = 2*f + 3. Let w = 8 - f. What are the prime factors of ((-2)/(-4))/(w/(-32))?
2
Suppose -2*t - 4*f = -4*t - 18, f - 5 = 0. Suppose t = 4*m - 47. List the prime factors of m.
2, 3
Suppose -o = 2*g - 24, g - 2*g + 4 = 0. What are the prime factors of o?
2
Let c = -72 - -122. List the prime factors of c.
2, 5
Suppose -3*p + 2 = t, -4*p - 9 = 4*t - 25. Suppose 0*n = t*n - 50. What are the prime factors of n?
2, 5
Let y(p) = 7*p - 2. Let z(x) = 15*x - 3. Let g(i) = 5*y(i) - 3*z(i). List the prime factors of g(-1).
3
Let w(z) = z**3 + 8. Let t be w(0). Suppose 3*p = p + t. Suppose -a = -15 - p. List the prime factors of a.
19
List the prime factors of (-10)/(9 + -9 + 1/(-8)).
2, 5
Suppose -5*z + 265 = -0*z. What are the prime factors of z?
53
Let o(d) = -d**2 - 9*d - 6. Let p be o(-10). Let a = -8 - p. Suppose -2*v = -3*x + 20, 3*v - v + a = x. What are the prime factors of x?
2, 3
Let o = 8 + -4. What are the prime factors of 2*o/6*6?
2
Let i(y) = -y**3 - 19*y**2 - 3*y + 13. What are the prime factors of i(-19)?
2, 5, 7
Let g be (2 - 15/6)*-26. Let d(f) = -f**3 + 14*f**2 - 12*f + 15. List the prime factors of d(g).
2, 7
Let n = -100 - -144. List the prime factors of n.
2, 11
Suppose 0*w + 96 = 3*w. What are the prime factors of w?
2
Suppose -3*q = -k + 83, 2*q + 9 = 5*q. What are the prime factors of k?
2, 23
Suppose 89 = 3*z - k + 25, 2*z + 2*k = 40. Suppose -3*m - 15 = 0, -4*f - z = 4*m - 149. What are the prime factors of f?
37
Let a(o) be the first derivative of o**4/12 - 5*o**3/6 + 3*o**2/2 - o - 2. Let q(z) be the first derivative of a(z). What are the prime factors of q(7)?
17
Suppose 0 = 3*q - g - 16, 5*q = 4*g + 46 - 10. What are the prime factors of q?
2
List the prime factors of (3 - 4)*39/(-3).
13
Let v = -303 + 580. List the prime factors of v.
277
Suppose -5*m = -4*v + 498 - 105, 209 = 2*v - 5*m. List the prime factors of v.
2, 23
Let w be 1 + 8*(-2)/(-4). Suppose 3*c + 3 = 4*y + w, -10 = -5*c. Let z = 6 - y. What are the prime factors of z?
5
Suppose -2 = -2*d + 18. Let c = -6 + d. Suppose -5*b + 11 + c = 0. List the prime factors of b.
3
Let r(v) = -v**3 + 5*v**2 - 4*v - 1. Let b be r(4). What are the prime factors of (b - -2)/((-10)/(-30))?
3
Let o(s) = s - 4 + s - 3*s + 2*s. What are the prime factors of o(7)?
3
Suppose b - 2*s - 4 = -b, 2 = 3*b - 5*s. Suppose 4*y + 48 = -w - 2*w, -w = b. What are the prime factors of ((-39)/y)/((-4)/(-12))?
13
Suppose 0*a - 2*o = -5*a + 66, 2*o = 4. Let y = 4 - a. What are the prime factors of (-30)/(-4)*(-12)/y?
3
Suppose 3*t - t - 60 = -x, 0 = -4*x + 3*t + 262. Suppose -5*y + g = -x, y + g - 20 = 3*g. List the prime factors of y.
2, 3
Let f be (-3)/(-6) + 62/4. Suppose 4*h - 4*a - f = 0, 2*a + 5 = 4*h - 5. Let b(l) = 16*l**3 - l**2 + 1. List the prime factors of b(h).
2
Suppose 15 = x + 2*x. Suppose 4*b + 19 = y, -x*y + 13 = -b - 25. List the prime factors of y.
7
Let u(r) = r**3 + 3*r**2 - r - 1. Let j be u(-3). Suppose j*o = o + 60. Suppose x - o = -3*x - 3*h, -48 = -5*x + 3*h. List the prime factors of x.
2, 3
Suppose 2 = 2*h + w, h + 8*w - 1 = 4*w. List the prime factors of (10 - -1)*h + 0.
11
Suppose 2*k - 15 = -5. Suppose -4*i = -k*n + 140, i = -5*n - 3*i + 140. Suppose 6*w - 2*w = n. List the prime factors of w.
7
Let k = -13 - -13. Let d = k + 30. List the prime factors of d.
2, 3, 5
Let y = -1 + 8. Let u(f) = -f**2 + 8*f - 3. What are the prime factors of u(y)?
2
Let m(p) = -p - 2. Let z be m(-5). Suppose -z*v + 8 = v. List the prime factors of 23/3 + v/6.
2
Suppose 0 = 2*o - 7*k + 4*k - 20, -20 = -4*o + k. Let n = -2 + o. Let s(b) = b**3 - 2*b**2 + 3*b - 2. List the prime factors of s(n).
2
Suppose 5*i = -2 - 13. Let g be -5 + 11 + (2 - 3). Let c = g + i. List the prime factors of c.
2
Let v(r) = r**2 - 11*r. What are the prime factors of v(19)?
2, 19
Let o(p) = -p - 20. Let k be o(0). Let b = 92 + -57. Let j = b + k. What are the prime factors of j?
3, 5
Suppose 4*w - 7 = 9. Suppose 0 = -4*m - w*o + 84, -2*o = 3*m + 2*m - 96. List the prime factors of m.
2, 3
Let h = -38 - -51. List the prime factors of h.
13
Let c = 308 - 174. List the prime factors of c.
2, 67
What are the prime factors of (-150)/20*(-16)/6?
2, 5
Let p(f) = f + 7. Suppose 3*w + 4 = -11. Let y be p(w). Suppose 2*d + 19 - 1 = y*x, 5*d + 23 = 3*x. List the prime factors of x.
11
What are the prime factors of (-893)/(-5) + (-15)/(450/(-12))?
179
Let p(z) = -z + 3. Let b(u) = -1. Let d(q) = 6*b(q) + p(q). Let c be d(-4). What are the prime factors of 0/((-3)/c) + 16?
2
Let b(v) = v**3 + 13*v**2 + 19*v - 22. What are the prime factors of b(-11)?
11
Let g(a) = 0 - 2 - 3*a**2 + 1. Let j be g(3). What are the prime factors of (-2)/(-7) - 48/j?
2
Let x = 10 - 5. Suppose 56 = -c + x*c. What are the prime factors of c?
2, 7
Suppose -3*c = 2*p - 122, -3*c + 2*p - p + 110 = 0. Suppose -w + c = -18. What are the prime factors of w?
2, 7
Suppose 0 = -4*o + 8*o + 28. Let q(i) = -2*i + 2. Let f(a) = -4*a + 3. Let y(w) = o*q(w) + 4*f(w). List the prime factors of y(-5).
2
Let t(z) = z**3 + 3*z**2 - z - 4. Let u be t(-3). Let p = u + 2. Let v(j) = 6*j. What are the prime factors of v(p)?
2, 3
Let c = 5 + -1. Suppose -4*x - 17 = -3*s, -4*x - 18 = -c*s + 6. What are the prime factors of s?
7
What are the prime factors of 27*8/(-3)*-1?
2, 3
Let q(j) = -2*j - 4*j**3 + 2*j - j**2 + 5*j**3. Let l be q(2). Suppose -l*m + 8 = -2*m. List the prime factors of m.
2
Suppose -z = -5 - 1. Let y be (75/z)/((-2)/(-4)). Let d = y - 18. What are the prime factors of d?
7
Wha